{"id":54,"date":"2015-02-24T12:52:25","date_gmt":"2015-02-24T12:52:25","guid":{"rendered":"http:\/\/ffbraunau.at\/wordpress\/?page_id=54"},"modified":"2021-12-12T10:21:47","modified_gmt":"2021-12-12T10:21:47","slug":"jugend","status":"publish","type":"page","link":"https:\/\/ffbraunau.at\/wordpress\/?page_id=54","title":{"rendered":"Jugend_bis_12_2021"},"content":{"rendered":"<div class=\"flex_column av_one_full  flex_column_div first  \" ><div class='avia-image-container  av-styling-    avia-align-center '  ><div class='avia-image-container-inner'><img class='avia_image ' src='https:\/\/ffbraunau.at\/wordpress\/wp-content\/uploads\/Jugend\/Header_Jugend_HP.jpg' alt='' title='Header_Jugend_HP'   \/><\/div><\/div><\/div>\n<div class=\"flex_column av_one_third  flex_column_div first  \" ><div class='avia-image-container  av-styling-    avia-align-center '  ><div class='avia-image-container-inner'><img class='avia_image ' src='https:\/\/ffbraunau.at\/wordpress\/wp-content\/uploads\/Jugend\/k-IMG_1955-300x225.jpg' alt='' title='k-IMG_1955'   \/><\/div><\/div><\/div>\n<div class=\"flex_column av_one_third  flex_column_div av-zero-column-padding   \" style='border-radius:0px; '><div class='avia-image-container  av-styling-    avia-align-center '  ><div class='avia-image-container-inner'><img class='avia_image ' src='https:\/\/ffbraunau.at\/wordpress\/wp-content\/uploads\/Jugend\/k-S7000004-300x225.jpg' alt='' title='k-S7000004'   \/><\/div><\/div><\/div>\n<div class=\"flex_column av_one_third  flex_column_div av-zero-column-padding   \" style='border-radius:0px; '><div class='avia-image-container  av-styling-    avia-align-center '  ><div class='avia-image-container-inner'><img class='avia_image ' src='https:\/\/ffbraunau.at\/wordpress\/wp-content\/uploads\/Jugend\/k-IMG_1994-300x225.jpg' alt='' title='k-IMG_1994'   \/><\/div><\/div><\/div>\n<div class=\"flex_column av_one_fourth  flex_column_div av-zero-column-padding first  \" style='border-radius:0px; '><div class='avia-button-wrap avia-button-center '><a href='http:\/\/ffbraunau.at\/wordpress\/?page_id=2331' class='avia-button   avia-icon_select-yes-left-icon avia-color-theme-color avia-size-small avia-position-center '   ><span class='avia_button_icon avia_button_icon_left ' aria-hidden='true' data-av_icon='\ue82b' data-av_iconfont='entypo-fontello'><\/span><span class='avia_iconbox_title' >Ausbildung und Bewerbe<\/span><\/a><\/div><\/div>\n<div class=\"flex_column av_one_fourth  flex_column_div av-zero-column-padding   \" style='border-radius:0px; '><div class='avia-button-wrap avia-button-center '><a href='http:\/\/ffbraunau.at\/wordpress\/?page_id=2335' class='avia-button   avia-icon_select-yes-left-icon avia-color-theme-color avia-size-small avia-position-center '   ><span class='avia_button_icon avia_button_icon_left ' aria-hidden='true' data-av_icon='\ue82b' data-av_iconfont='entypo-fontello'><\/span><span class='avia_iconbox_title' >Willst du dabei sein?<\/span><\/a><\/div><\/div>\n<div class=\"flex_column av_one_fourth  flex_column_div av-zero-column-padding   \" style='border-radius:0px; '><div class='avia-button-wrap avia-button-center '><a href='http:\/\/ffbraunau.at\/wordpress\/?page_id=2333' class='avia-button   avia-icon_select-yes-left-icon avia-color-theme-color avia-size-small avia-position-center '   ><span class='avia_button_icon avia_button_icon_left ' aria-hidden='true' data-av_icon='\ue82b' data-av_iconfont='entypo-fontello'><\/span><span class='avia_iconbox_title' >Infos f\u00fcr Eltern<\/span><\/a><\/div><\/div>\n<div class=\"flex_column av_one_fourth  flex_column_div av-zero-column-padding   \" style='border-radius:0px; '><div class='avia-button-wrap avia-button-center '><a href='http:\/\/ffbraunau.at\/wordpress\/?page_id=2343' class='avia-button   avia-icon_select-yes-left-icon avia-color-theme-color avia-size-small avia-position-center '   ><span class='avia_button_icon avia_button_icon_left ' aria-hidden='true' data-av_icon='\ue82b' data-av_iconfont='entypo-fontello'><\/span><span class='avia_iconbox_title' >Das Betreuerteam<\/span><\/a><\/div><\/div>\n<div class=\"flex_column av_one_full  flex_column_div first  \" ><section class=\"av_textblock_section \" ><div class='avia_textblock  '  style='font-size:14px; ' ><p>Die Jugendgruppe der Freiwilligen Feuerwehr Braunau gibt es seit 1980 und bereitet Burschen und M\u00e4dchen im Alter zwischen 10 und 15 Jahren auf den aktiven Feuerwehrdienst vor. Die umfassende Ausbildung der Jugendlichen beinhaltet den Umgang mit Ger\u00e4ten der Ersten L\u00f6schhilfe, viele weitere Ger\u00e4te des Feuerwehrwesens und eine interne Erste Hilfe Ausbildung.<\/p>\n<div id=\"attachment_2357\" style=\"width: 310px\" class=\"wp-caption aligncenter\"><a href=\"http:\/\/ffbraunau.at\/wordpress\/wp-content\/uploads\/2015\/02\/k-ju2_NEW.jpg\"><img loading=\"lazy\" decoding=\"async\" aria-describedby=\"caption-attachment-2357\" class=\"alignleft wp-image-2357 size-medium\" src=\"http:\/\/ffbraunau.at\/wordpress\/wp-content\/uploads\/2015\/02\/k-ju2_NEW-300x238.jpg\" alt=\"Die 1980 neu gegr\u00fcndete Jugendgruppe mit den Jugendbetreuern Peter Kerschbaumsteiner und Friedrich Petermaier\" width=\"300\" height=\"238\" srcset=\"https:\/\/ffbraunau.at\/wordpress\/wp-content\/uploads\/2015\/02\/k-ju2_NEW-300x238.jpg 300w, https:\/\/ffbraunau.at\/wordpress\/wp-content\/uploads\/2015\/02\/k-ju2_NEW-705x560.jpg 705w, https:\/\/ffbraunau.at\/wordpress\/wp-content\/uploads\/2015\/02\/k-ju2_NEW-450x357.jpg 450w, https:\/\/ffbraunau.at\/wordpress\/wp-content\/uploads\/2015\/02\/k-ju2_NEW.jpg 800w\" sizes=\"auto, (max-width: 300px) 100vw, 300px\" \/><\/a><p id=\"caption-attachment-2357\" class=\"wp-caption-text\">Die 1980 neu gegr\u00fcndete Jugendgruppe mit den Jugendbetreuern Peter Kerschbaumsteiner und Friedrich Petermaier<\/p><\/div>\n<p>Nat\u00fcrlich kommt der Spa\u00df keinesfalls zu kurz. Bei vielen gemeinsamen Aktivit\u00e4ten wie die w\u00f6chentlichen \u00dcbungen, Bewerbe, Wissenstest, Ausfl\u00fcge sowie Jugendlager und Einsatzwochenenden wird den Jugendlichen eine abwechslungsreiche und spannende Freizeitgestaltung geboten, welches von unserem Betreuerteam bestehend aus 3 aktiven Feuerwehrmitgliedern gestaltet wird.<\/p>\n<p>Mit Vollendung des 16. Lebensjahres werden die Jugendlichen in den aktiven Feuerwehrdienst \u00fcberstellt wo sie nach einer fundierten Grundausbildung im Einsatzfall mitwirken d\u00fcrfen.<\/p>\n<\/div><\/section><\/div>\n<section class=\"av_textblock_section \" ><div class='avia_textblock  '  style='font-size:16px; ' ><p style=\"text-align: center;\"><strong>Jugend News:<\/strong><\/p>\n<\/div><\/section>\n<div class=\"flex_column av_one_full  flex_column_div av-zero-column-padding first  \" style='border-radius:0px; '><div  data-autoplay=''  data-interval='5'  data-animation='fade'  data-show_slide_delay='90'  class='avia-content-slider avia-content-grid-active avia-content-slider1 avia-content-slider-even  ' ><div class='avia-content-slider-inner'><div class='slide-entry-wrap'><article class='slide-entry flex_column  post-entry post-entry-105086 slide-entry-overview slide-loop-1 slide-parity-odd  av_one_half first real-thumbnail' ><a href='https:\/\/ffbraunau.at\/wordpress\/?p=105086' data-rel='slide-1' class='slide-image' title=''><img loading=\"lazy\" decoding=\"async\" width=\"80\" height=\"80\" src=\"https:\/\/ffbraunau.at\/wordpress\/wp-content\/uploads\/2026\/03\/090307-80x80.jpg\" class=\"attachment-thumbnail size-thumbnail wp-post-image\" alt=\"\" srcset=\"https:\/\/ffbraunau.at\/wordpress\/wp-content\/uploads\/2026\/03\/090307-80x80.jpg 80w, https:\/\/ffbraunau.at\/wordpress\/wp-content\/uploads\/2026\/03\/090307-36x36.jpg 36w, https:\/\/ffbraunau.at\/wordpress\/wp-content\/uploads\/2026\/03\/090307-180x180.jpg 180w, https:\/\/ffbraunau.at\/wordpress\/wp-content\/uploads\/2026\/03\/090307-120x120.jpg 120w, https:\/\/ffbraunau.at\/wordpress\/wp-content\/uploads\/2026\/03\/090307-450x450.jpg 450w\" sizes=\"auto, (max-width: 80px) 100vw, 80px\" \/><\/a><div class='slide-content'><header class=\"entry-content-header\"><h3 class='slide-entry-title entry-title' ><a href='https:\/\/ffbraunau.at\/wordpress\/?p=105086' title='Feuerwehrjugend beim Wissenstest'>Feuerwehrjugend beim Wissenstest<\/a><\/h3><span class=\"av-vertical-delimiter\"><\/span><\/header><div class='slide-meta'><time class='slide-meta-time updated' >11. M\u00e4rz 2026<\/time><\/div><div class='slide-entry-excerpt entry-content' ><div class=\"read-more-link\"><a href=\"https:\/\/ffbraunau.at\/wordpress\/?p=105086\" class=\"more-link\">Weiterlesen<span class=\"more-link-arrow\"><\/span><\/a><\/div><\/div><\/div><footer class=\"entry-footer\"><\/footer><\/article><article class='slide-entry flex_column  post-entry post-entry-105059 slide-entry-overview slide-loop-2 slide-parity-even  post-entry-last  av_one_half  real-thumbnail' ><a href='https:\/\/ffbraunau.at\/wordpress\/?p=105059' data-rel='slide-1' class='slide-image' title=''><img loading=\"lazy\" decoding=\"async\" width=\"80\" height=\"80\" src=\"https:\/\/ffbraunau.at\/wordpress\/wp-content\/uploads\/2026\/02\/IMG_6086-80x80.jpg\" class=\"attachment-thumbnail size-thumbnail wp-post-image\" alt=\"\" srcset=\"https:\/\/ffbraunau.at\/wordpress\/wp-content\/uploads\/2026\/02\/IMG_6086-80x80.jpg 80w, https:\/\/ffbraunau.at\/wordpress\/wp-content\/uploads\/2026\/02\/IMG_6086-36x36.jpg 36w, https:\/\/ffbraunau.at\/wordpress\/wp-content\/uploads\/2026\/02\/IMG_6086-180x180.jpg 180w, https:\/\/ffbraunau.at\/wordpress\/wp-content\/uploads\/2026\/02\/IMG_6086-120x120.jpg 120w, https:\/\/ffbraunau.at\/wordpress\/wp-content\/uploads\/2026\/02\/IMG_6086-450x450.jpg 450w\" sizes=\"auto, (max-width: 80px) 100vw, 80px\" \/><\/a><div class='slide-content'><header class=\"entry-content-header\"><h3 class='slide-entry-title entry-title' ><a href='https:\/\/ffbraunau.at\/wordpress\/?p=105059' title='27.02.2026 \u2013 Erprobung der Feuerwehrjugend'>27.02.2026 \u2013 Erprobung der Feuerwehrjugend<\/a><\/h3><span class=\"av-vertical-delimiter\"><\/span><\/header><div class='slide-meta'><time class='slide-meta-time updated' >27. Februar 2026<\/time><\/div><div class='slide-entry-excerpt entry-content' ><div class=\"read-more-link\"><a href=\"https:\/\/ffbraunau.at\/wordpress\/?p=105059\" class=\"more-link\">Weiterlesen<span class=\"more-link-arrow\"><\/span><\/a><\/div><\/div><\/div><footer class=\"entry-footer\"><\/footer><\/article><\/div><\/div><div class='pagination-wrap pagination-slider'><nav class='pagination'><span class='pagination-meta'>Seite 1 von 22<\/span><span class='current'>1<\/span><a href='https:\/\/ffbraunau.at\/wordpress\/index.php?rest_route=%2Fwp%2Fv2%2Fpages%2F54&#038;paged=2' class='inactive' >2<\/a><a href='https:\/\/ffbraunau.at\/wordpress\/index.php?rest_route=%2Fwp%2Fv2%2Fpages%2F54&#038;paged=3' class='inactive' >3<\/a><a href='https:\/\/ffbraunau.at\/wordpress\/index.php?rest_route=%2Fwp%2Fv2%2Fpages%2F54&#038;paged=2'>&rsaquo;<\/a><a href='https:\/\/ffbraunau.at\/wordpress\/index.php?rest_route=%2Fwp%2Fv2%2Fpages%2F54&#038;paged=22'>&raquo;<\/a><\/nav>\n<\/div><\/div><\/div>\n","protected":false},"excerpt":{"rendered":"","protected":false},"author":1,"featured_media":0,"parent":0,"menu_order":60,"comment_status":"open","ping_status":"open","template":"","meta":{"footnotes":"","_links_to":"","_links_to_target":""},"class_list":["post-54","page","type-page","status-publish","hentry"],"_links":{"self":[{"href":"https:\/\/ffbraunau.at\/wordpress\/index.php?rest_route=\/wp\/v2\/pages\/54","targetHints":{"allow":["GET"]}}],"collection":[{"href":"https:\/\/ffbraunau.at\/wordpress\/index.php?rest_route=\/wp\/v2\/pages"}],"about":[{"href":"https:\/\/ffbraunau.at\/wordpress\/index.php?rest_route=\/wp\/v2\/types\/page"}],"author":[{"embeddable":true,"href":"https:\/\/ffbraunau.at\/wordpress\/index.php?rest_route=\/wp\/v2\/users\/1"}],"replies":[{"embeddable":true,"href":"https:\/\/ffbraunau.at\/wordpress\/index.php?rest_route=%2Fwp%2Fv2%2Fcomments&post=54"}],"version-history":[{"count":55,"href":"https:\/\/ffbraunau.at\/wordpress\/index.php?rest_route=\/wp\/v2\/pages\/54\/revisions"}],"predecessor-version":[{"id":98152,"href":"https:\/\/ffbraunau.at\/wordpress\/index.php?rest_route=\/wp\/v2\/pages\/54\/revisions\/98152"}],"wp:attachment":[{"href":"https:\/\/ffbraunau.at\/wordpress\/index.php?rest_route=%2Fwp%2Fv2%2Fmedia&parent=54"}],"curies":[{"name":"wp","href":"https:\/\/api.w.org\/{rel}","templated":true}]}}