{"id":42,"date":"2015-02-24T12:49:35","date_gmt":"2015-02-24T12:49:35","guid":{"rendered":"http:\/\/ffbraunau.at\/wordpress\/?page_id=42"},"modified":"2021-06-06T17:53:56","modified_gmt":"2021-06-06T17:53:56","slug":"chronik","status":"publish","type":"page","link":"https:\/\/ffbraunau.at\/wordpress\/?page_id=42","title":{"rendered":"Chronik"},"content":{"rendered":"<div class=\"flex_column av_four_fifth  flex_column_div first  \" ><section class=\"av_textblock_section \" ><div class='avia_textblock  '  ><p class=\"caption\"><strong>1866:<\/strong> Gr\u00fcndung der FF Braunau als &#8222;gemeinschaftliche Braunau-Simbacher Feuerwehr&#8220; &#8211; eine wohl einmalige Staatsgrenzen \u00fcberschreitende Angelegenheit.<\/p>\n<p class=\"caption\"><strong>1867:<\/strong> Ein Jahr sp\u00e4ter machte sich die Feuerwehr Simbach selbstst\u00e4ndig &#8211; doch die grenz\u00fcberschreitende Zusammenarbeit und gegenseitige Nachbarschaftshilfe blieb bis heute bestehen.<\/p>\n<p class=\"caption\"><strong>28.03.1874: <\/strong>Beim gro\u00dfen Stadtbrand von Braunau wurden 120 Objekte zerst\u00f6rt. Feuerwehren, Spritzenmannschaften und Milit\u00e4r aus Ober\u00f6sterreich, Salzburg und Bayern k\u00e4mpften 10 Tage lang gegen die Flammen.<\/p>\n<p class=\"caption\"><strong>1899:<\/strong> Im Bereich Braunau und Simbach w\u00fctete ein verheerendes Hochwasser. Praktisch ganz Simbach stand unter Wasser, Feuerwehrm\u00e4nner retteten 13 Menschen im Ortsteil Tal das Leben.<br \/>\n<strong>Pfingstmontag 1915<\/strong> brach in der Linzerstra\u00dfe ein gef\u00e4hrlicher Brand aus, der 6 H\u00e4user erfa\u00dfte. Durch die rasch herbeigeeilten Feuerwehren aus der Umgebung und durch die Braunauer Garnison, die gerade an die Italien &#8211; Front abr\u00fcckte und rasch zur\u00fcckgerufen wurde, konnte ein neuerlicher Stadtbrand verhindert werden.<\/p>\n<p class=\"caption\"><strong>1928: <\/strong>wurde das erste &#8222;L\u00f6schautomobil&#8220; angeschafft.<\/p>\n<p class=\"caption\"><strong>1938:<\/strong> Nach dem Einmarsch der deutschen Wehrmacht hatte die Einf\u00fchrung des deutschen Feuerl\u00f6schwesens und dem Kriegsausbruchs f\u00fcr unsere Feuerwehr dramatische Ver\u00e4nderungen zur Folge: Die fr\u00fcher selbstst\u00e4ndigen Feuerwehren Aching, Haselbach und Ranshofen verloren diese und wurden als L\u00f6schz\u00fcge der FF Braunau angegliedert (erst 1949 wurden sie offiziell wieder selbstst\u00e4ndig). Aus der Feuerwehr wurde eine technische Hilfspolizeitruppe.<\/p>\n<p class=\"caption\"><strong>1954: <\/strong>Nach tagelangen Regenf\u00e4llen drohte der Inn &#8211; Damm zu brechen, an der Mattig wurden 6 Wohnh\u00e4user Opfer der Wassermassen, die Stadt war tagelang von der Umwelt abgeschnitten. Die Feuerwehr war 4 Tage im Einsatz.<\/p>\n<p class=\"caption\"><strong>1964:<\/strong> wurde die Tauchergruppe gegr\u00fcndet.<\/p>\n<p class=\"caption\"><strong>1966:<\/strong> Im Juli fand eine gro\u00dfe Jubil\u00e4umsfeier anl\u00e4\u00dfich des 100j\u00e4hrigen Bestandes verbunden mit dem Landes &#8211; Feuerwehrleistungsbewerb in Braunau statt.<\/p>\n<p class=\"caption\"><strong>1976: <\/strong>Das Zeughaus Stadt platzt aus allen N\u00e4hten und erhielt einen Vorbau, trotzdem mussten bis in die Neunziger Jahre immer wieder Einsatzfahrzeuge an anderen Orten untergebracht werden.<\/p>\n<p class=\"caption\"><strong>1979: <\/strong>Schneedruck-Katastrophe sorgt f\u00fcr tagelangen Feuerwehreinsatz.<\/p>\n<p class=\"caption\"><strong>1980:<\/strong> Die Jugendgruppe wird neu gegr\u00fcndet und h\u00e4lt im Fr\u00fchjahr das erste Gruppentreffen ab.<\/p>\n<p class=\"caption\"><strong>1987:<\/strong> Eisregen sorgte f\u00fcr tagelangen Katastrophen-Einsatz der Feuerwehr Braunau.<\/p>\n<p class=\"caption\"><strong>1990: <\/strong>&#8222;Der Jahrhundert-Sturm&#8220; tobte 4 Tage \u00fcber die Stadt und hielt uns tagelang in Atem.<\/p>\n<p class=\"caption\"><strong>1991:<\/strong> Die Feuerwehr feiert ihr 125-j\u00e4hriges Bestehen und feiert 3 Tage lang mit der Bev\u00f6lkerung ein gro\u00dfes Fest.<\/p>\n<p class=\"caption\"><strong>1995:<\/strong> Am Laaber Holzweg wird das lang ersehnte neue Feuerwehrhaus mit Einsatzzentrale, Atemschutzstrecke und Dienstwohnungen und an der Innl\u00e4nde das neue Bootshaus eingeweiht.<\/p>\n<p class=\"caption\"><strong>2000:<\/strong> Kommandant Paul Reiter bekommt bei der Jahresvollversammlung am 3. M\u00e4rz den goldenen Ehrenring der Feuerwehr verliehen.<\/p>\n<p class=\"caption\"><strong>19.11.2000: <\/strong>Die 1. Homepage der FF Braunau geht online.<\/p>\n<p><strong>2001:<\/strong> Das alte Feuerwehrzeughaus in der Talstra\u00dfe wird abgerissen.<\/p>\n<p><strong>2004:<\/strong> In der Produktionshalle der Fa. Lang Chemie,\u00a0in der Fett erzeugt wird, bricht ein Feuer aus. Die Feuerwehr Braunau l\u00f6st Alarmstufe 2 aus.<br \/>\nDie Halle steht in Vollbrand, der Einsatz gegen den Gro\u00dfbrand dauert mehrere Stunden.<\/p>\n<p class=\"caption\"><strong>01.03.2008:<\/strong> Sturmtief EMMA verursacht im Stadtgebiet von Braunau mehr als 140 Eins\u00e4tze innerhalb einer Stunde! Insgesamt waren 180 Feuerwehrmitglieder mit 35 Fahrzeugen unterwegs! (Feuerwehren Braunau, Aching, Haselbach, Ranshofen, Mining, Altheim, Schwand, Erlach, Buch, Prienbach und Eggst\u00e4tten, sowie 6 Fahrzeuge vom THW. Desweiteren wurde der Kran der FF Ried angefordert.)<\/p>\n<p class=\"caption\"><strong>31.12.2008:<\/strong> Die in die Jahre gekommene, aber bew\u00e4hrte Homepage wird gegen ein neues System getauscht. Somit bekommt die Feuerwehr Braunau nach fast zehn Jahren ein neues Erscheinungsbild im Internet.<\/p>\n<p class=\"caption\"><strong>07.03.2010: <\/strong>ABI Paul Reiter tritt nach 25 Jahren an der Spitze der Feuerwehr Braunau zur\u00fcck. Sein Nachfolger: Klaus Litzlbauer.<\/p>\n<p class=\"caption\"><strong>11.\u00a006. 2010:<\/strong> An diesem Tag mussten wir einen besonders schmerzlichen Verlust hinnehmen. Der Jugendbetreuer unserer Feuerwehr, Horst M\u00fchlbauer, verstarb bei einem tragischen Verkehrsunfall im 22. Lebensjahr.<\/p>\n<p><strong>06.+07.07.2012:<\/strong> Der 50. Landesfeuerwehrleistungsbewerb und 37. Jugend-Landesfeuerwehrleistungsbewerb finden in Braunau statt. 2.750 Bewerbsgruppen mit rund 25.000 Bewerbsteilnehmern und ca. 500 Bewerter nahmen daran teil.<br \/>\nHunderte freiwillige Helfer von den 4 Freiwilligen Feuerwehren der Stadt Braunau &#8211; Aching, Braunau, Haselbach und Ranshofen &#8211; sorgten f\u00fcr den Aufbau und den reibungslosen Ablauf beim Bewerb und sorgten f\u00fcr die Verpflegung der Bewerbsteilnehmer, Betreuer, Bewerter und unserer Helfer.<\/p>\n<p><strong>15.\u00a002.2016:<\/strong> Heute\u00a0verstarb unsere langj\u00e4hrige Fahnenpatin Frau Marianne Leidl. Mit ihr verliert die Stadtfeuerwehr Braunau eine liebensw\u00fcrdige und \u00fcber ein halbes Jahrhundert treue Begleiterin. Frau Leidl war nicht nur Fahnenpatin sondern auch eine gro\u00dfherzige Spenderin und unterst\u00fctzte ihre Feuerwehr immer wieder mit oft auch namhaften Geldbetr\u00e4gen. Leider war es ihr nicht mehr verg\u00f6nnt, dass noch von ihr gespendete Fahnenband zum 150-Jahr-Jubil\u00e4um selbst zu \u00fcberreichen.<\/p>\n<p><strong>M\u00e4rz 2016:<\/strong> Der Wandel der Technik macht auch vor unserer Homepage nicht halt. Um auch mit Smartphone, Tablet und Co richtig dargestellt zu werden, wird die Homepage der FF Braunau in monatelanger Arbeit mit WordPress neu gemacht.<\/p>\n<\/div><\/section><\/div>\n","protected":false},"excerpt":{"rendered":"","protected":false},"author":1,"featured_media":0,"parent":32,"menu_order":0,"comment_status":"open","ping_status":"open","template":"","meta":{"footnotes":"","_links_to":"","_links_to_target":""},"class_list":["post-42","page","type-page","status-publish","hentry"],"_links":{"self":[{"href":"https:\/\/ffbraunau.at\/wordpress\/index.php?rest_route=\/wp\/v2\/pages\/42","targetHints":{"allow":["GET"]}}],"collection":[{"href":"https:\/\/ffbraunau.at\/wordpress\/index.php?rest_route=\/wp\/v2\/pages"}],"about":[{"href":"https:\/\/ffbraunau.at\/wordpress\/index.php?rest_route=\/wp\/v2\/types\/page"}],"author":[{"embeddable":true,"href":"https:\/\/ffbraunau.at\/wordpress\/index.php?rest_route=\/wp\/v2\/users\/1"}],"replies":[{"embeddable":true,"href":"https:\/\/ffbraunau.at\/wordpress\/index.php?rest_route=%2Fwp%2Fv2%2Fcomments&post=42"}],"version-history":[{"count":6,"href":"https:\/\/ffbraunau.at\/wordpress\/index.php?rest_route=\/wp\/v2\/pages\/42\/revisions"}],"predecessor-version":[{"id":1931,"href":"https:\/\/ffbraunau.at\/wordpress\/index.php?rest_route=\/wp\/v2\/pages\/42\/revisions\/1931"}],"up":[{"embeddable":true,"href":"https:\/\/ffbraunau.at\/wordpress\/index.php?rest_route=\/wp\/v2\/pages\/32"}],"wp:attachment":[{"href":"https:\/\/ffbraunau.at\/wordpress\/index.php?rest_route=%2Fwp%2Fv2%2Fmedia&parent=42"}],"curies":[{"name":"wp","href":"https:\/\/api.w.org\/{rel}","templated":true}]}}

<div class="flex_column av_four_fifth  flex_column_div first  " ><section class="av_textblock_section " ><div class='avia_textblock  '  ><p class="caption"><strong>1866:</strong> Gründung der FF Braunau als &#8222;gemeinschaftliche Braunau-Simbacher Feuerwehr&#8220; &#8211; eine wohl einmalige Staatsgrenzen überschreitende Angelegenheit.</p>
<p class="caption"><strong>1867:</strong> Ein Jahr später machte sich die Feuerwehr Simbach selbstständig &#8211; doch die grenzüberschreitende Zusammenarbeit und gegenseitige Nachbarschaftshilfe blieb bis heute bestehen.</p>
<p class="caption"><strong>28.03.1874: </strong>Beim großen Stadtbrand von Braunau wurden 120 Objekte zerstört. Feuerwehren, Spritzenmannschaften und Militär aus Oberösterreich, Salzburg und Bayern kämpften 10 Tage lang gegen die Flammen.</p>
<p class="caption"><strong>1899:</strong> Im Bereich Braunau und Simbach wütete ein verheerendes Hochwasser. Praktisch ganz Simbach stand unter Wasser, Feuerwehrmänner retteten 13 Menschen im Ortsteil Tal das Leben.<br />
<strong>Pfingstmontag 1915</strong> brach in der Linzerstraße ein gefährlicher Brand aus, der 6 Häuser erfaßte. Durch die rasch herbeigeeilten Feuerwehren aus der Umgebung und durch die Braunauer Garnison, die gerade an die Italien &#8211; Front abrückte und rasch zurückgerufen wurde, konnte ein neuerlicher Stadtbrand verhindert werden.</p>
<p class="caption"><strong>1928: </strong>wurde das erste &#8222;Löschautomobil&#8220; angeschafft.</p>
<p class="caption"><strong>1938:</strong> Nach dem Einmarsch der deutschen Wehrmacht hatte die Einführung des deutschen Feuerlöschwesens und dem Kriegsausbruchs für unsere Feuerwehr dramatische Veränderungen zur Folge: Die früher selbstständigen Feuerwehren Aching, Haselbach und Ranshofen verloren diese und wurden als Löschzüge der FF Braunau angegliedert (erst 1949 wurden sie offiziell wieder selbstständig). Aus der Feuerwehr wurde eine technische Hilfspolizeitruppe.</p>
<p class="caption"><strong>1954: </strong>Nach tagelangen Regenfällen drohte der Inn &#8211; Damm zu brechen, an der Mattig wurden 6 Wohnhäuser Opfer der Wassermassen, die Stadt war tagelang von der Umwelt abgeschnitten. Die Feuerwehr war 4 Tage im Einsatz.</p>
<p class="caption"><strong>1964:</strong> wurde die Tauchergruppe gegründet.</p>
<p class="caption"><strong>1966:</strong> Im Juli fand eine große Jubiläumsfeier anläßich des 100jährigen Bestandes verbunden mit dem Landes &#8211; Feuerwehrleistungsbewerb in Braunau statt.</p>
<p class="caption"><strong>1976: </strong>Das Zeughaus Stadt platzt aus allen Nähten und erhielt einen Vorbau, trotzdem mussten bis in die Neunziger Jahre immer wieder Einsatzfahrzeuge an anderen Orten untergebracht werden.</p>
<p class="caption"><strong>1979: </strong>Schneedruck-Katastrophe sorgt für tagelangen Feuerwehreinsatz.</p>
<p class="caption"><strong>1980:</strong> Die Jugendgruppe wird neu gegründet und hält im Frühjahr das erste Gruppentreffen ab.</p>
<p class="caption"><strong>1987:</strong> Eisregen sorgte für tagelangen Katastrophen-Einsatz der Feuerwehr Braunau.</p>
<p class="caption"><strong>1990: </strong>&#8222;Der Jahrhundert-Sturm&#8220; tobte 4 Tage über die Stadt und hielt uns tagelang in Atem.</p>
<p class="caption"><strong>1991:</strong> Die Feuerwehr feiert ihr 125-jähriges Bestehen und feiert 3 Tage lang mit der Bevölkerung ein großes Fest.</p>
<p class="caption"><strong>1995:</strong> Am Laaber Holzweg wird das lang ersehnte neue Feuerwehrhaus mit Einsatzzentrale, Atemschutzstrecke und Dienstwohnungen und an der Innlände das neue Bootshaus eingeweiht.</p>
<p class="caption"><strong>2000:</strong> Kommandant Paul Reiter bekommt bei der Jahresvollversammlung am 3. März den goldenen Ehrenring der Feuerwehr verliehen.</p>
<p class="caption"><strong>19.11.2000: </strong>Die 1. Homepage der FF Braunau geht online.</p>
<p><strong>2001:</strong> Das alte Feuerwehrzeughaus in der Talstraße wird abgerissen.</p>
<p><strong>2004:</strong> In der Produktionshalle der Fa. Lang Chemie, in der Fett erzeugt wird, bricht ein Feuer aus. Die Feuerwehr Braunau löst Alarmstufe 2 aus.<br />
Die Halle steht in Vollbrand, der Einsatz gegen den Großbrand dauert mehrere Stunden.</p>
<p class="caption"><strong>01.03.2008:</strong> Sturmtief EMMA verursacht im Stadtgebiet von Braunau mehr als 140 Einsätze innerhalb einer Stunde! Insgesamt waren 180 Feuerwehrmitglieder mit 35 Fahrzeugen unterwegs! (Feuerwehren Braunau, Aching, Haselbach, Ranshofen, Mining, Altheim, Schwand, Erlach, Buch, Prienbach und Eggstätten, sowie 6 Fahrzeuge vom THW. Desweiteren wurde der Kran der FF Ried angefordert.)</p>
<p class="caption"><strong>31.12.2008:</strong> Die in die Jahre gekommene, aber bewährte Homepage wird gegen ein neues System getauscht. Somit bekommt die Feuerwehr Braunau nach fast zehn Jahren ein neues Erscheinungsbild im Internet.</p>
<p class="caption"><strong>07.03.2010: </strong>ABI Paul Reiter tritt nach 25 Jahren an der Spitze der Feuerwehr Braunau zurück. Sein Nachfolger: Klaus Litzlbauer.</p>
<p class="caption"><strong>11. 06. 2010:</strong> An diesem Tag mussten wir einen besonders schmerzlichen Verlust hinnehmen. Der Jugendbetreuer unserer Feuerwehr, Horst Mühlbauer, verstarb bei einem tragischen Verkehrsunfall im 22. Lebensjahr.</p>
<p><strong>06.+07.07.2012:</strong> Der 50. Landesfeuerwehrleistungsbewerb und 37. Jugend-Landesfeuerwehrleistungsbewerb finden in Braunau statt. 2.750 Bewerbsgruppen mit rund 25.000 Bewerbsteilnehmern und ca. 500 Bewerter nahmen daran teil.<br />
Hunderte freiwillige Helfer von den 4 Freiwilligen Feuerwehren der Stadt Braunau &#8211; Aching, Braunau, Haselbach und Ranshofen &#8211; sorgten für den Aufbau und den reibungslosen Ablauf beim Bewerb und sorgten für die Verpflegung der Bewerbsteilnehmer, Betreuer, Bewerter und unserer Helfer.</p>
<p><strong>15. 02.2016:</strong> Heute verstarb unsere langjährige Fahnenpatin Frau Marianne Leidl. Mit ihr verliert die Stadtfeuerwehr Braunau eine liebenswürdige und über ein halbes Jahrhundert treue Begleiterin. Frau Leidl war nicht nur Fahnenpatin sondern auch eine großherzige Spenderin und unterstützte ihre Feuerwehr immer wieder mit oft auch namhaften Geldbeträgen. Leider war es ihr nicht mehr vergönnt, dass noch von ihr gespendete Fahnenband zum 150-Jahr-Jubiläum selbst zu überreichen.</p>
<p><strong>März 2016:</strong> Der Wandel der Technik macht auch vor unserer Homepage nicht halt. Um auch mit Smartphone, Tablet und Co richtig dargestellt zu werden, wird die Homepage der FF Braunau in monatelanger Arbeit mit WordPress neu gemacht.</p>
</div></section></div>
