{"id":36,"date":"2015-02-24T12:47:42","date_gmt":"2015-02-24T12:47:42","guid":{"rendered":"http:\/\/ffbraunau.at\/wordpress\/?page_id=36"},"modified":"2017-05-29T16:36:18","modified_gmt":"2017-05-29T16:36:18","slug":"gruppen","status":"publish","type":"page","link":"https:\/\/ffbraunau.at\/wordpress\/?page_id=36","title":{"rendered":"Gruppen"},"content":{"rendered":"<div class=\"flex_column av_four_fifth  flex_column_div first  \" ><section class=\"av_textblock_section \" ><div class='avia_textblock  '  ><p>In den Unterkategorien k\u00f6nnen Sie sich \u00fcber die einzelnen Sondergruppen der Feuerwehr Braunau n\u00e4her informieren.<\/p>\n<p><span style=\"text-decoration: underline;\"><strong>H\u00f6henretter:<\/strong><\/span><br \/>\nAufgabengebiet: Personenrettung aus gro\u00dfen H\u00f6hen und Tiefen, sowie Personensicherung<\/p>\n<p><strong><span style=\"text-decoration: underline;\">Einsatzvorbereitung &amp; Nachrichtenwesen:<\/span><\/strong><br \/>\nAufgabengebiet: Verantwortlich f\u00fcr die Verwaltung s\u00e4mtlicher Pl\u00e4ne (Alarmpl\u00e4ne, Hydrantenpl\u00e4ne, Wasserkarten etc.).<br \/>\nIm Bedarfsfall wird von der genannten Gruppe die Einsatzzentrale besetzt.<\/p>\n<\/div><\/section><\/div>\n","protected":false},"excerpt":{"rendered":"","protected":false},"author":1,"featured_media":0,"parent":32,"menu_order":0,"comment_status":"open","ping_status":"open","template":"","meta":{"footnotes":"","_links_to":"","_links_to_target":""},"class_list":["post-36","page","type-page","status-publish","hentry"],"_links":{"self":[{"href":"https:\/\/ffbraunau.at\/wordpress\/index.php?rest_route=\/wp\/v2\/pages\/36","targetHints":{"allow":["GET"]}}],"collection":[{"href":"https:\/\/ffbraunau.at\/wordpress\/index.php?rest_route=\/wp\/v2\/pages"}],"about":[{"href":"https:\/\/ffbraunau.at\/wordpress\/index.php?rest_route=\/wp\/v2\/types\/page"}],"author":[{"embeddable":true,"href":"https:\/\/ffbraunau.at\/wordpress\/index.php?rest_route=\/wp\/v2\/users\/1"}],"replies":[{"embeddable":true,"href":"https:\/\/ffbraunau.at\/wordpress\/index.php?rest_route=%2Fwp%2Fv2%2Fcomments&post=36"}],"version-history":[{"count":6,"href":"https:\/\/ffbraunau.at\/wordpress\/index.php?rest_route=\/wp\/v2\/pages\/36\/revisions"}],"predecessor-version":[{"id":100921,"href":"https:\/\/ffbraunau.at\/wordpress\/index.php?rest_route=\/wp\/v2\/pages\/36\/revisions\/100921"}],"up":[{"embeddable":true,"href":"https:\/\/ffbraunau.at\/wordpress\/index.php?rest_route=\/wp\/v2\/pages\/32"}],"wp:attachment":[{"href":"https:\/\/ffbraunau.at\/wordpress\/index.php?rest_route=%2Fwp%2Fv2%2Fmedia&parent=36"}],"curies":[{"name":"wp","href":"https:\/\/api.w.org\/{rel}","templated":true}]}}

<div class="flex_column av_four_fifth  flex_column_div first  " ><section class="av_textblock_section " ><div class='avia_textblock  '  ><p>In den Unterkategorien können Sie sich über die einzelnen Sondergruppen der Feuerwehr Braunau näher informieren.</p>
<p><span style="text-decoration: underline;"><strong>Höhenretter:</strong></span><br />
Aufgabengebiet: Personenrettung aus großen Höhen und Tiefen, sowie Personensicherung</p>
<p><strong><span style="text-decoration: underline;">Einsatzvorbereitung &amp; Nachrichtenwesen:</span></strong><br />
Aufgabengebiet: Verantwortlich für die Verwaltung sämtlicher Pläne (Alarmpläne, Hydrantenpläne, Wasserkarten etc.).<br />
Im Bedarfsfall wird von der genannten Gruppe die Einsatzzentrale besetzt.</p>
</div></section></div>
