{"id":249,"date":"2015-02-26T20:02:33","date_gmt":"2015-02-26T20:02:33","guid":{"rendered":"http:\/\/ffbraunau.at\/wordpress\/?page_id=249"},"modified":"2023-04-27T10:23:34","modified_gmt":"2023-04-27T10:23:34","slug":"hoehenretter","status":"publish","type":"page","link":"https:\/\/ffbraunau.at\/wordpress\/?page_id=249","title":{"rendered":"H\u00f6henretter &#8211; St\u00fctzpunkt"},"content":{"rendered":"<div class=\"flex_column av_one_full  flex_column_div first  \" ><div class='avia-image-container  av-styling-    avia-align-center '  ><div class='avia-image-container-inner'><img class='avia_image ' src='https:\/\/ffbraunau.at\/wordpress\/wp-content\/uploads\/2015\/02\/logo_HOERG_high_resolution_18052013-180x180.jpg' alt='' title='logo_HOERG_high_resolution_18052013'   \/><\/div><\/div><\/div>\n<div class=\"flex_column av_one_half  flex_column_div av-zero-column-padding first  \" style='border-radius:0px; '><div class='avia-button-wrap avia-button-center '><a href='https:\/\/ffbraunau.at\/wordpress\/?p=2489' class='avia-button   avia-icon_select-no avia-color-grey avia-size-medium avia-position-center '   ><span class='avia_iconbox_title' >Mannschaft<\/span><\/a><\/div><\/div>\n<div class=\"flex_column av_one_half  flex_column_div av-zero-column-padding   \" style='border-radius:0px; '><div class='avia-button-wrap avia-button-center '><a href='https:\/\/ffbraunau.at\/wordpress\/?p=2494' class='avia-button   avia-icon_select-no avia-color-grey avia-size-medium avia-position-center '   ><span class='avia_iconbox_title' >Ausr\u00fcstung<\/span><\/a><\/div><\/div>\n<div class=\"flex_column av_one_full  flex_column_div av-zero-column-padding first  \" style='border-radius:0px; '><section class=\"av_textblock_section \" ><div class='avia_textblock  '  ><p>Hier wollen wir einen kleinen Einblick in die T\u00e4tigkeit der H\u00f6henretter geben.<\/p>\n<p>Um bei Ungl\u00fccksf\u00e4llen oder technischen Eins\u00e4tzen in gro\u00dfen H\u00f6hen und Tiefen noch effektiver Helfen zu k\u00f6nnen,<br \/>\nwurde seitens dem O\u00d6 Landesfeuerwehrverband bei der Feuerwehr Braunau der H\u00f6henretter-St\u00fctzpunkt f\u00fcr den Bezirk Braunau\u00a0installiert.<\/p>\n<p>Die H\u00f6henretter-Gruppe\u00a0besteht aus speziell ausgebildeten Feuerwehr-Mitgliedern mit einer zus\u00e4tzlichen Ausbildung.<br \/>\nDie Ausbildung zum H\u00f6henretter beinhaltet einen 1-w\u00f6chigen Lehrgang an der Landes-Feuerwehrschule.<\/p>\n<p>allgemeiner Kontakt:\u00a0( hoehenretter [AT] ffbraunau.at )<\/p>\n<p>Alexander Steinh\u00f6gl ( alexander.steinhoegl [AT] ffbraunau.at )<\/p>\n<\/div><\/section><\/div><div class=\"flex_column av_one_full  flex_column_div first  \" ><div  data-autoplay=''  data-interval='5'  data-animation='fade'  data-show_slide_delay='90'  class='avia-content-slider avia-content-grid-active avia-content-slider1 avia-content-slider-odd  ' ><div class='avia-content-slider-inner'><div class='slide-entry-wrap'><article class='slide-entry flex_column  post-entry post-entry-104682 slide-entry-overview slide-loop-1 slide-parity-odd  av_fullwidth first real-thumbnail' ><a href='https:\/\/ffbraunau.at\/wordpress\/?p=104682' data-rel='slide-1' class='slide-image' title=''><img loading=\"lazy\" decoding=\"async\" width=\"80\" height=\"80\" src=\"https:\/\/ffbraunau.at\/wordpress\/wp-content\/uploads\/2025\/06\/1-80x80.jpeg\" class=\"attachment-thumbnail size-thumbnail wp-post-image\" alt=\"\" srcset=\"https:\/\/ffbraunau.at\/wordpress\/wp-content\/uploads\/2025\/06\/1-80x80.jpeg 80w, https:\/\/ffbraunau.at\/wordpress\/wp-content\/uploads\/2025\/06\/1-36x36.jpeg 36w, https:\/\/ffbraunau.at\/wordpress\/wp-content\/uploads\/2025\/06\/1-180x180.jpeg 180w, https:\/\/ffbraunau.at\/wordpress\/wp-content\/uploads\/2025\/06\/1-120x120.jpeg 120w, https:\/\/ffbraunau.at\/wordpress\/wp-content\/uploads\/2025\/06\/1-450x450.jpeg 450w\" sizes=\"auto, (max-width: 80px) 100vw, 80px\" \/><\/a><div class='slide-content'><header class=\"entry-content-header\"><h3 class='slide-entry-title entry-title' ><a href='https:\/\/ffbraunau.at\/wordpress\/?p=104682' title='06.06.2025: \u00dcbung Personenrettung tief'>06.06.2025: \u00dcbung Personenrettung tief<\/a><\/h3><span class=\"av-vertical-delimiter\"><\/span><\/header><\/div><footer class=\"entry-footer\"><\/footer><\/article><\/div><div class='slide-entry-wrap'><article class='slide-entry flex_column  post-entry post-entry-104604 slide-entry-overview slide-loop-2 slide-parity-odd  av_fullwidth first real-thumbnail' ><a href='https:\/\/ffbraunau.at\/wordpress\/?p=104604' data-rel='slide-1' class='slide-image' title=''><img loading=\"lazy\" decoding=\"async\" width=\"80\" height=\"80\" src=\"https:\/\/ffbraunau.at\/wordpress\/wp-content\/uploads\/2025\/04\/1-1-80x80.jpg\" class=\"attachment-thumbnail size-thumbnail wp-post-image\" alt=\"\" srcset=\"https:\/\/ffbraunau.at\/wordpress\/wp-content\/uploads\/2025\/04\/1-1-80x80.jpg 80w, https:\/\/ffbraunau.at\/wordpress\/wp-content\/uploads\/2025\/04\/1-1-36x36.jpg 36w, https:\/\/ffbraunau.at\/wordpress\/wp-content\/uploads\/2025\/04\/1-1-180x180.jpg 180w, https:\/\/ffbraunau.at\/wordpress\/wp-content\/uploads\/2025\/04\/1-1-120x120.jpg 120w, https:\/\/ffbraunau.at\/wordpress\/wp-content\/uploads\/2025\/04\/1-1-450x450.jpg 450w\" sizes=\"auto, (max-width: 80px) 100vw, 80px\" \/><\/a><div class='slide-content'><header class=\"entry-content-header\"><h3 class='slide-entry-title entry-title' ><a href='https:\/\/ffbraunau.at\/wordpress\/?p=104604' title='07.04.2025 - Personenrettung hoch'>07.04.2025 - Personenrettung hoch<\/a><\/h3><span class=\"av-vertical-delimiter\"><\/span><\/header><\/div><footer class=\"entry-footer\"><\/footer><\/article><\/div><div class='slide-entry-wrap'><article class='slide-entry flex_column  post-entry post-entry-104241 slide-entry-overview slide-loop-3 slide-parity-odd  post-entry-last  av_fullwidth first real-thumbnail' ><a href='https:\/\/ffbraunau.at\/wordpress\/?p=104241' data-rel='slide-1' class='slide-image' title=''><img loading=\"lazy\" decoding=\"async\" width=\"80\" height=\"80\" src=\"https:\/\/ffbraunau.at\/wordpress\/wp-content\/uploads\/2024\/10\/Schraegseil-80x80.jpg\" class=\"attachment-thumbnail size-thumbnail wp-post-image\" alt=\"\" srcset=\"https:\/\/ffbraunau.at\/wordpress\/wp-content\/uploads\/2024\/10\/Schraegseil-80x80.jpg 80w, https:\/\/ffbraunau.at\/wordpress\/wp-content\/uploads\/2024\/10\/Schraegseil-36x36.jpg 36w, https:\/\/ffbraunau.at\/wordpress\/wp-content\/uploads\/2024\/10\/Schraegseil-180x180.jpg 180w, https:\/\/ffbraunau.at\/wordpress\/wp-content\/uploads\/2024\/10\/Schraegseil-120x120.jpg 120w, https:\/\/ffbraunau.at\/wordpress\/wp-content\/uploads\/2024\/10\/Schraegseil-450x450.jpg 450w\" sizes=\"auto, (max-width: 80px) 100vw, 80px\" \/><\/a><div class='slide-content'><header class=\"entry-content-header\"><h3 class='slide-entry-title entry-title' ><a href='https:\/\/ffbraunau.at\/wordpress\/?p=104241' title='05.10.2024: H\u00f6henretter-Weiterbildung 2024'>05.10.2024: H\u00f6henretter-Weiterbildung 2024<\/a><\/h3><span class=\"av-vertical-delimiter\"><\/span><\/header><\/div><footer class=\"entry-footer\"><\/footer><\/article><\/div><\/div><div class='pagination-wrap pagination-slider'><nav class='pagination'><span class='pagination-meta'>Seite 1 von 15<\/span><span class='current'>1<\/span><a href='https:\/\/ffbraunau.at\/wordpress\/index.php?rest_route=%2Fwp%2Fv2%2Fpages%2F249&#038;paged=2' class='inactive' >2<\/a><a href='https:\/\/ffbraunau.at\/wordpress\/index.php?rest_route=%2Fwp%2Fv2%2Fpages%2F249&#038;paged=3' class='inactive' >3<\/a><a href='https:\/\/ffbraunau.at\/wordpress\/index.php?rest_route=%2Fwp%2Fv2%2Fpages%2F249&#038;paged=2'>&rsaquo;<\/a><a href='https:\/\/ffbraunau.at\/wordpress\/index.php?rest_route=%2Fwp%2Fv2%2Fpages%2F249&#038;paged=15'>&raquo;<\/a><\/nav>\n<\/div><\/div><\/div><\/p>\n","protected":false},"excerpt":{"rendered":"","protected":false},"author":3,"featured_media":0,"parent":36,"menu_order":0,"comment_status":"closed","ping_status":"open","template":"","meta":{"footnotes":"","_links_to":"","_links_to_target":""},"class_list":["post-249","page","type-page","status-publish","hentry"],"_links":{"self":[{"href":"https:\/\/ffbraunau.at\/wordpress\/index.php?rest_route=\/wp\/v2\/pages\/249","targetHints":{"allow":["GET"]}}],"collection":[{"href":"https:\/\/ffbraunau.at\/wordpress\/index.php?rest_route=\/wp\/v2\/pages"}],"about":[{"href":"https:\/\/ffbraunau.at\/wordpress\/index.php?rest_route=\/wp\/v2\/types\/page"}],"author":[{"embeddable":true,"href":"https:\/\/ffbraunau.at\/wordpress\/index.php?rest_route=\/wp\/v2\/users\/3"}],"replies":[{"embeddable":true,"href":"https:\/\/ffbraunau.at\/wordpress\/index.php?rest_route=%2Fwp%2Fv2%2Fcomments&post=249"}],"version-history":[{"count":31,"href":"https:\/\/ffbraunau.at\/wordpress\/index.php?rest_route=\/wp\/v2\/pages\/249\/revisions"}],"predecessor-version":[{"id":104100,"href":"https:\/\/ffbraunau.at\/wordpress\/index.php?rest_route=\/wp\/v2\/pages\/249\/revisions\/104100"}],"up":[{"embeddable":true,"href":"https:\/\/ffbraunau.at\/wordpress\/index.php?rest_route=\/wp\/v2\/pages\/36"}],"wp:attachment":[{"href":"https:\/\/ffbraunau.at\/wordpress\/index.php?rest_route=%2Fwp%2Fv2%2Fmedia&parent=249"}],"curies":[{"name":"wp","href":"https:\/\/api.w.org\/{rel}","templated":true}]}}

Höhenretter &#8211; Stützpunkt

<div class="flex_column av_one_full  flex_column_div first  " ><div class='avia-image-container  av-styling-    avia-align-center '  ><div class='avia-image-container-inner'><img class='avia_image ' src='https://ffbraunau.at/wordpress/wp-content/uploads/2015/02/logo_HOERG_high_resolution_18052013-180x180.jpg' alt='' title='logo_HOERG_high_resolution_18052013'   /></div></div></div>
<div class="flex_column av_one_half  flex_column_div av-zero-column-padding first  " style='border-radius:0px; '><div class='avia-button-wrap avia-button-center '><a href='https://ffbraunau.at/wordpress/?p=2489' class='avia-button   avia-icon_select-no avia-color-grey avia-size-medium avia-position-center '   ><span class='avia_iconbox_title' >Mannschaft</span></a></div></div>
<div class="flex_column av_one_half  flex_column_div av-zero-column-padding   " style='border-radius:0px; '><div class='avia-button-wrap avia-button-center '><a href='https://ffbraunau.at/wordpress/?p=2494' class='avia-button   avia-icon_select-no avia-color-grey avia-size-medium avia-position-center '   ><span class='avia_iconbox_title' >Ausrüstung</span></a></div></div>
<div class="flex_column av_one_full  flex_column_div av-zero-column-padding first  " style='border-radius:0px; '><section class="av_textblock_section " ><div class='avia_textblock  '  ><p>Hier wollen wir einen kleinen Einblick in die Tätigkeit der Höhenretter geben.</p>
<p>Um bei Unglücksfällen oder technischen Einsätzen in großen Höhen und Tiefen noch effektiver Helfen zu können,<br />
wurde seitens dem OÖ Landesfeuerwehrverband bei der Feuerwehr Braunau der Höhenretter-Stützpunkt für den Bezirk Braunau installiert.</p>
<p>Die Höhenretter-Gruppe besteht aus speziell ausgebildeten Feuerwehr-Mitgliedern mit einer zusätzlichen Ausbildung.<br />
Die Ausbildung zum Höhenretter beinhaltet einen 1-wöchigen Lehrgang an der Landes-Feuerwehrschule.</p>
<p>allgemeiner Kontakt: ( hoehenretter [AT] ffbraunau.at )</p>
<p>Alexander Steinhögl ( alexander.steinhoegl [AT] ffbraunau.at )</p>
</div></section></div><div class="flex_column av_one_full  flex_column_div first  " ><div  data-autoplay=''  data-interval='5'  data-animation='fade'  data-show_slide_delay='90'  class='avia-content-slider avia-content-grid-active avia-content-slider1 avia-content-slider-odd  ' ><div class='avia-content-slider-inner'><div class='slide-entry-wrap'><article class='slide-entry flex_column  post-entry post-entry-104682 slide-entry-overview slide-loop-1 slide-parity-odd  av_fullwidth first real-thumbnail' ><a href='https://ffbraunau.at/wordpress/?p=104682' data-rel='slide-1' class='slide-image' title=''><img loading="lazy" decoding="async" width="80" height="80" src="https://ffbraunau.at/wordpress/wp-content/uploads/2025/06/1-80x80.jpeg" class="attachment-thumbnail size-thumbnail wp-post-image" alt="" srcset="https://ffbraunau.at/wordpress/wp-content/uploads/2025/06/1-80x80.jpeg 80w, https://ffbraunau.at/wordpress/wp-content/uploads/2025/06/1-36x36.jpeg 36w, https://ffbraunau.at/wordpress/wp-content/uploads/2025/06/1-180x180.jpeg 180w, https://ffbraunau.at/wordpress/wp-content/uploads/2025/06/1-120x120.jpeg 120w, https://ffbraunau.at/wordpress/wp-content/uploads/2025/06/1-450x450.jpeg 450w" sizes="auto, (max-width: 80px) 100vw, 80px" /></a><div class='slide-content'><header class="entry-content-header"><h3 class='slide-entry-title entry-title' ><a href='https://ffbraunau.at/wordpress/?p=104682' title='06.06.2025: Übung Personenrettung tief'>06.06.2025: Übung Personenrettung tief</a></h3><span class="av-vertical-delimiter"></span></header></div><footer class="entry-footer"></footer></article></div><div class='slide-entry-wrap'><article class='slide-entry flex_column  post-entry post-entry-104604 slide-entry-overview slide-loop-2 slide-parity-odd  av_fullwidth first real-thumbnail' ><a href='https://ffbraunau.at/wordpress/?p=104604' data-rel='slide-1' class='slide-image' title=''><img loading="lazy" decoding="async" width="80" height="80" src="https://ffbraunau.at/wordpress/wp-content/uploads/2025/04/1-1-80x80.jpg" class="attachment-thumbnail size-thumbnail wp-post-image" alt="" srcset="https://ffbraunau.at/wordpress/wp-content/uploads/2025/04/1-1-80x80.jpg 80w, https://ffbraunau.at/wordpress/wp-content/uploads/2025/04/1-1-36x36.jpg 36w, https://ffbraunau.at/wordpress/wp-content/uploads/2025/04/1-1-180x180.jpg 180w, https://ffbraunau.at/wordpress/wp-content/uploads/2025/04/1-1-120x120.jpg 120w, https://ffbraunau.at/wordpress/wp-content/uploads/2025/04/1-1-450x450.jpg 450w" sizes="auto, (max-width: 80px) 100vw, 80px" /></a><div class='slide-content'><header class="entry-content-header"><h3 class='slide-entry-title entry-title' ><a href='https://ffbraunau.at/wordpress/?p=104604' title='07.04.2025 - Personenrettung hoch'>07.04.2025 - Personenrettung hoch</a></h3><span class="av-vertical-delimiter"></span></header></div><footer class="entry-footer"></footer></article></div><div class='slide-entry-wrap'><article class='slide-entry flex_column  post-entry post-entry-104241 slide-entry-overview slide-loop-3 slide-parity-odd  post-entry-last  av_fullwidth first real-thumbnail' ><a href='https://ffbraunau.at/wordpress/?p=104241' data-rel='slide-1' class='slide-image' title=''><img loading="lazy" decoding="async" width="80" height="80" src="https://ffbraunau.at/wordpress/wp-content/uploads/2024/10/Schraegseil-80x80.jpg" class="attachment-thumbnail size-thumbnail wp-post-image" alt="" srcset="https://ffbraunau.at/wordpress/wp-content/uploads/2024/10/Schraegseil-80x80.jpg 80w, https://ffbraunau.at/wordpress/wp-content/uploads/2024/10/Schraegseil-36x36.jpg 36w, https://ffbraunau.at/wordpress/wp-content/uploads/2024/10/Schraegseil-180x180.jpg 180w, https://ffbraunau.at/wordpress/wp-content/uploads/2024/10/Schraegseil-120x120.jpg 120w, https://ffbraunau.at/wordpress/wp-content/uploads/2024/10/Schraegseil-450x450.jpg 450w" sizes="auto, (max-width: 80px) 100vw, 80px" /></a><div class='slide-content'><header class="entry-content-header"><h3 class='slide-entry-title entry-title' ><a href='https://ffbraunau.at/wordpress/?p=104241' title='05.10.2024: Höhenretter-Weiterbildung 2024'>05.10.2024: Höhenretter-Weiterbildung 2024</a></h3><span class="av-vertical-delimiter"></span></header></div><footer class="entry-footer"></footer></article></div></div><div class='pagination-wrap pagination-slider'><nav class='pagination'><span class='pagination-meta'>Seite 1 von 15</span><span class='current'>1</span><a href='https://ffbraunau.at/wordpress/index.php?rest_route=%2Fwp%2Fv2%2Fpages%2F249&#038;paged=2' class='inactive' >2</a><a href='https://ffbraunau.at/wordpress/index.php?rest_route=%2Fwp%2Fv2%2Fpages%2F249&#038;paged=3' class='inactive' >3</a><a href='https://ffbraunau.at/wordpress/index.php?rest_route=%2Fwp%2Fv2%2Fpages%2F249&#038;paged=2'>&rsaquo;</a><a href='https://ffbraunau.at/wordpress/index.php?rest_route=%2Fwp%2Fv2%2Fpages%2F249&#038;paged=15'>&raquo;</a></nav>
</div></div></div></p>
