{"id":2331,"date":"2016-04-17T13:43:54","date_gmt":"2016-04-17T13:43:54","guid":{"rendered":"http:\/\/ffbraunau.at\/wordpress\/?page_id=2331"},"modified":"2016-04-17T16:31:15","modified_gmt":"2016-04-17T16:31:15","slug":"ausbildung-und-bewerbe","status":"publish","type":"page","link":"https:\/\/ffbraunau.at\/wordpress\/?page_id=2331","title":{"rendered":"Ausbildung und Bewerbe"},"content":{"rendered":"<section class=\"av_textblock_section \" ><div class='avia_textblock  '  style='font-size:14px; ' ><h3 style=\"text-align: center;\">Ausbildung und Bewerbe<\/h3>\n<p><strong><em>w\u00f6chentliche \u00dcbungen<\/em><\/strong><\/p>\n<p>Jeden Freitag, ausgenommen in den Sommerferien, werden zwischen 17 und 19 Uhr \u00dcbungen der Feuerwehrjugend Braunau abgehalten. Spielerisch wird den Jugendlichen der Umgang mit Feuerwehrger\u00e4ten beigebracht. Des Weiteren stehen Vorbereitungen f\u00fcr Bewerbe und den Wissenstest sowie realistisch gestaltete Einsatz\u00fcbungen am Programm.\u00a0 Ausfl\u00fcge ins Freibad oder<\/p>\n<p>Kino d\u00fcrfen ebenfalls nicht fehlen. Treffpunkt f\u00fcr die \u00dcbungen ist immer freitags zwischen 16:45 und 17 Uhr im Feuerwehrhaus Braunau, Laaber-Holzweg 46<\/p>\n<p><strong><em>Jugendfeuerwehr Bewerb<\/em><\/strong><\/p>\n<p>Hierbei steht Teamarbeit im Vordergrund, denn es gilt eine Schlauchleitung \u00fcber einen Hindernissparcour zu legen, feuerwehrtechnisches Wissen zu beweisen und einen Staffellauf zu absolvieren. Hierbei kann ein Leistungsabzeichen in Bronze, Silber oder Gold erworben werden. Die jeweils besten Teams werden zus\u00e4tzlich mit einem Pokal belohnt.<\/p>\n<p><strong><em>Jugendzeltlager<\/em><\/strong><\/p>\n<p>J\u00e4hrlich findet im Sommer das 3 t\u00e4tige Jugendlager statt wobei sich Jugendgruppen aus 6 Bezirken Ober\u00f6sterreichs auf dem Zeltplatz treffen. Hier steht Action und Spa\u00df an erster Stelle.<\/p>\n<p>Viele abwechslungsreiche Spiele bei der sogenannten Lagerolympiade und spannende Shows warten auf uns.\u00a0 Die Jugendlichen werden zur G\u00e4nze von der Feuerwehr versorgt und immer gut unterhalten.<\/p>\n<p><strong><em>Einsatzwochenende<\/em><\/strong><\/p>\n<p>Im Herbst findet unser j\u00e4hrliches Einsatzwochenende statt wobei die Jugendlichen an den realen Feuerwehrdienst herangef\u00fchrt werden. N\u00e4chtliche Eins\u00e4tze sowie viele weitere \u00dcbungen und Aufgaben m\u00fcssen hierbei bew\u00e4ltigt werden. Auch hier kommen nat\u00fcrlich Spa\u00df und Action nicht zu kurz. Die Jugendlichen werden von unseren Betreuern und vielen weiteren Feuerwehrkameraden versorgt und betreut.<\/p>\n<p><strong><em>Wissenstest f\u00fcr Jugend<\/em><\/strong><\/p>\n<p>Einmal im Jahr nehmen wir nach guter Vorbereitung am Wissenstest teil. Hierbei k\u00f6nnen die Jugendlichen ihr Wissen \u00fcber Themen wie Allgemeinwissen, Gef\u00e4hrliche Stoffe, Erste Hilfe, wasserf\u00fchrende Armaturen sowie viele weitere Themen unter Beweis stellen. Nach erfolgreicher Absolvierung des Wissenstests wird den Jugendlichen ein Abzeichen in Bronze, Silber oder Gold verliehen.<\/p>\n<\/div><\/section>\n<div class='avia-button-wrap avia-button-center '><a href='http:\/\/ffbraunau.at\/wordpress\/?page_id=54' class='avia-button   avia-icon_select-yes-left-icon avia-color-theme-color avia-size-small avia-position-center '   ><span class='avia_button_icon avia_button_icon_left ' aria-hidden='true' data-av_icon='\ue821' data-av_iconfont='entypo-fontello'><\/span><span class='avia_iconbox_title' >Startseite Jugend<\/span><\/a><\/div>\n","protected":false},"excerpt":{"rendered":"","protected":false},"author":4,"featured_media":0,"parent":54,"menu_order":0,"comment_status":"closed","ping_status":"open","template":"","meta":{"footnotes":"","_links_to":"","_links_to_target":""},"class_list":["post-2331","page","type-page","status-publish","hentry"],"_links":{"self":[{"href":"https:\/\/ffbraunau.at\/wordpress\/index.php?rest_route=\/wp\/v2\/pages\/2331","targetHints":{"allow":["GET"]}}],"collection":[{"href":"https:\/\/ffbraunau.at\/wordpress\/index.php?rest_route=\/wp\/v2\/pages"}],"about":[{"href":"https:\/\/ffbraunau.at\/wordpress\/index.php?rest_route=\/wp\/v2\/types\/page"}],"author":[{"embeddable":true,"href":"https:\/\/ffbraunau.at\/wordpress\/index.php?rest_route=\/wp\/v2\/users\/4"}],"replies":[{"embeddable":true,"href":"https:\/\/ffbraunau.at\/wordpress\/index.php?rest_route=%2Fwp%2Fv2%2Fcomments&post=2331"}],"version-history":[{"count":5,"href":"https:\/\/ffbraunau.at\/wordpress\/index.php?rest_route=\/wp\/v2\/pages\/2331\/revisions"}],"predecessor-version":[{"id":2373,"href":"https:\/\/ffbraunau.at\/wordpress\/index.php?rest_route=\/wp\/v2\/pages\/2331\/revisions\/2373"}],"up":[{"embeddable":true,"href":"https:\/\/ffbraunau.at\/wordpress\/index.php?rest_route=\/wp\/v2\/pages\/54"}],"wp:attachment":[{"href":"https:\/\/ffbraunau.at\/wordpress\/index.php?rest_route=%2Fwp%2Fv2%2Fmedia&parent=2331"}],"curies":[{"name":"wp","href":"https:\/\/api.w.org\/{rel}","templated":true}]}}